{"id":234,"date":"2021-04-23T07:01:24","date_gmt":"2021-04-23T07:01:24","guid":{"rendered":"https:\/\/www.physioproteam.fi\/?page_id=234"},"modified":"2023-09-28T11:25:52","modified_gmt":"2023-09-28T11:25:52","slug":"koulutus","status":"publish","type":"page","link":"https:\/\/www.physioproteam.fi\/?page_id=234","title":{"rendered":"Koulutus"},"content":{"rendered":"\n<p><strong>Sinustako hieronnan ammattilainen?<\/strong><\/p>\n\n\n\n<p>Physio Pro Team valmentaa opiskelijoitaan hieronnan ammattitutkinnon n\u00e4ytt\u00f6kokeiden suorittamiseen. Koulutus j\u00e4rjestet\u00e4\u00e4n monimuoto-opiskeluna p\u00e4\u00e4s\u00e4\u00e4nt\u00f6isesti viikonloppuisin perjantai-ilta-sunnuntai. Koulutus on kestoltaan n. vuoden. Mahdollisuus on siis suoriutua opinnoista ty\u00f6n ohessa. <\/p>\n\n\n\n<p>Mik\u00e4li olet rohkea, ulosp\u00e4insuuntautunut, ihmisen terveydest\u00e4 ja anatomiasta kiinnostunut, paikkasi voi hyvinkin olla meill\u00e4. Kenties harkitset uranvaihtoa tai toimia sivutoimisena hierojana. Physio Pro Team pyrkii auttamaan opiskelijoitaan ty\u00f6llistymisess\u00e4.<\/p>\n\n\n\n<p><strong>Opiskelu<\/strong><\/p>\n\n\n\n<p>L\u00e4hiopetus j\u00e4rjestet\u00e4\u00e4n Physio Pro Teamin tiloissa Vantaalla. Opetus sis\u00e4lt\u00e4\u00e4 k\u00e4yt\u00e4nn\u00f6n hierontataitojen lis\u00e4ksi mm. anatomian, kansansairauksien, tuki- ja liikuntaelinsairauksien teoriaopintoja. Opetus sis\u00e4lt\u00e4\u00e4 my\u00f6s runsaasti k\u00e4yt\u00e4nn\u00f6n harjoittelua todellisten potilaiden kanssa. Opiskelun sis\u00e4lt\u00f6\u00f6n tutustutaan tarkemmin haastattelussa, mik\u00e4li p\u00e4\u00e4t\u00e4t hakea koulutukseen.<\/p>\n\n\n\n<p><strong>Opettajisto<\/strong><\/p>\n\n\n\n<p>Opettajistomme ovat kokeneita hieronnan ammattilaisia. P\u00e4\u00e4opettajalla useamman vuoden kokemus opettajana eri hierojakouluissa, hieronnan n\u00e4ytt\u00f6kokeiden arvioijana sek\u00e4 k\u00e4yt\u00e4nn\u00f6n kokemusta yritt\u00e4j\u00e4n\u00e4 ja koulutettuna hierojana. Vuoden aikana my\u00f6s vierailevat ammattilaiset ovat mahdollisia.<\/p>\n\n\n\n<p><strong>Miksi meille?<\/strong><\/p>\n\n\n\n<p>Opiskelijoilla on monesti hyvinkin erilaiset l\u00e4ht\u00f6kohdat ja valmiudet opiskeluun. Me pyrimme luomaan jokaiselle henkil\u00f6kohtaisen opetussuunnitelman pyrimme l\u00f6yt\u00e4m\u00e4\u00e4n jokaiselle opiskelijallemme parhaat mahdolliset tavat opiskella. Ryhm\u00e4n pieni koko auttaa meit\u00e4 t\u00e4ss\u00e4.<\/p>\n\n\n\n<p><strong>Ajankohta<\/strong><\/p>\n\n\n\n<p>Kurssin suunniteltu ajankohta tammikuu 24- joulukuu 2024. Kurssille mahtuu kahdeksan (8) oppilasta. Kurssi toteutetaan, mik\u00e4li opiskelioita on riitt\u00e4v\u00e4sti.<\/p>\n\n\n\n<p><strong>Hinta<\/strong><\/p>\n\n\n\n<p>Koulutuksen hinta on 1000\u20ac!! (norm 2700 \u20ac) ja se sis\u00e4lt\u00e4\u00e4:<\/p>\n\n\n\n<ul><li>varausmaksun 500\u20ac, mik\u00e4li haastattelun j\u00e4lkeen p\u00e4\u00e4t\u00e4t ottaa opiskelupaikan vastaan<\/li><li>valmistavan koulutuksen n. 1 vuosi<\/li><li>tarvittavan opetusmateriaalin<\/li><li>Physio Pro Team paidan 2 kpl<\/li><li>hieronnan ammattitutkinnon n\u00e4ytt\u00f6koetilaisuudet<\/li><\/ul>\n\n\n\n<p><strong>HAE KOULUTUKSEEN ALLA OLEVALLA LOMAKKEELLA.<\/strong><\/p>\n\n\n\n<p><\/p>\n\n\n\n<p><\/p>\n\n\n\n<p><\/p>\n\n\n\n<p><\/p>\n\n\n\n<p><\/p>\n\n\n\n<p><\/p>\n\n\n\n<div class=\"wp-block-contact-form-7-contact-form-selector\"><div role=\"form\" class=\"wpcf7\" id=\"wpcf7-f253-o1\" lang=\"fi\" dir=\"ltr\">\n<div class=\"screen-reader-response\"><p role=\"status\" aria-live=\"polite\" aria-atomic=\"true\"><\/p> <ul><\/ul><\/div>\n<form action=\"\/index.php?rest_route=%2Fwp%2Fv2%2Fpages%2F234#wpcf7-f253-o1\" method=\"post\" class=\"wpcf7-form init\" novalidate=\"novalidate\" data-status=\"init\">\n<div style=\"display: none;\">\n<input type=\"hidden\" name=\"_wpcf7\" value=\"253\" \/>\n<input type=\"hidden\" name=\"_wpcf7_version\" value=\"5.4.1\" \/>\n<input type=\"hidden\" name=\"_wpcf7_locale\" value=\"fi\" \/>\n<input type=\"hidden\" name=\"_wpcf7_unit_tag\" value=\"wpcf7-f253-o1\" \/>\n<input type=\"hidden\" name=\"_wpcf7_container_post\" value=\"0\" \/>\n<input type=\"hidden\" name=\"_wpcf7_posted_data_hash\" value=\"\" \/>\n<\/div>\n<p><label> Sukunimi<br \/>\n    <span class=\"wpcf7-form-control-wrap sukunimi\"><input type=\"text\" name=\"sukunimi\" value=\"\" size=\"40\" class=\"wpcf7-form-control wpcf7-text wpcf7-validates-as-required\" aria-required=\"true\" aria-invalid=\"false\" \/><\/span> <\/label><\/p>\n<p><label> Etunimi<br \/>\n    <span class=\"wpcf7-form-control-wrap etunimi\"><input type=\"text\" name=\"etunimi\" value=\"\" size=\"40\" class=\"wpcf7-form-control wpcf7-text wpcf7-validates-as-required\" aria-required=\"true\" aria-invalid=\"false\" \/><\/span> <\/label><\/p>\n<p><label> Syntym\u00e4vuosi<br \/>\n    <span class=\"wpcf7-form-control-wrap syntymavuosi\"><input type=\"text\" name=\"syntymavuosi\" value=\"\" size=\"40\" class=\"wpcf7-form-control wpcf7-text wpcf7-validates-as-required\" aria-required=\"true\" aria-invalid=\"false\" \/><\/span> <\/label><\/p>\n<p><label> Katuosoite<br \/>\n    <span class=\"wpcf7-form-control-wrap katuosoite\"><input type=\"text\" name=\"katuosoite\" value=\"\" size=\"40\" class=\"wpcf7-form-control wpcf7-text wpcf7-validates-as-required\" aria-required=\"true\" aria-invalid=\"false\" \/><\/span> <\/label><\/p>\n<p><label> Postinumero<br \/>\n    <span class=\"wpcf7-form-control-wrap Postinumero\"><input type=\"text\" name=\"Postinumero\" value=\"\" size=\"40\" class=\"wpcf7-form-control wpcf7-text wpcf7-validates-as-required\" aria-required=\"true\" aria-invalid=\"false\" \/><\/span> <\/label><\/p>\n<p><label> Postitoimipaikka<br \/>\n    <span class=\"wpcf7-form-control-wrap Postitoimipaikka\"><input type=\"text\" name=\"Postitoimipaikka\" value=\"\" size=\"40\" class=\"wpcf7-form-control wpcf7-text wpcf7-validates-as-required\" aria-required=\"true\" aria-invalid=\"false\" \/><\/span> <\/label><\/p>\n<p><label> Puhelinnumero<br \/>\n    <span class=\"wpcf7-form-control-wrap Puhelinnumero\"><input type=\"text\" name=\"Puhelinnumero\" value=\"\" size=\"40\" class=\"wpcf7-form-control wpcf7-text wpcf7-validates-as-required\" aria-required=\"true\" aria-invalid=\"false\" \/><\/span> <\/label><\/p>\n<p><label> S\u00e4hk\u00f6postiosoite<br \/>\n    <span class=\"wpcf7-form-control-wrap Sahkopostiosoite\"><input type=\"email\" name=\"Sahkopostiosoite\" value=\"\" size=\"40\" class=\"wpcf7-form-control wpcf7-text wpcf7-email wpcf7-validates-as-required wpcf7-validates-as-email\" aria-required=\"true\" aria-invalid=\"false\" \/><\/span> <\/label><\/p>\n<p>Opiskelu monimuoto, viikonloppuisin alk elokuu 2021-04-18<\/p>\n<p>Koulutus<br \/>\n<span class=\"wpcf7-form-control-wrap textarea-375\"><textarea name=\"textarea-375\" cols=\"40\" rows=\"10\" class=\"wpcf7-form-control wpcf7-textarea wpcf7-validates-as-required\" aria-required=\"true\" aria-invalid=\"false\">Kurssit \/ muut tutkinnot<\/textarea><\/span><\/p>\n<p>Ty\u00f6kokemus<br \/>\n<span class=\"wpcf7-form-control-wrap textarea-376\"><textarea name=\"textarea-376\" cols=\"40\" rows=\"10\" class=\"wpcf7-form-control wpcf7-textarea wpcf7-validates-as-required\" aria-required=\"true\" aria-invalid=\"false\">Kerro ty\u00f6kokemuksistasi<\/textarea><\/span><\/p>\n<p>Miksi hierojaksi<br \/>\n<span class=\"wpcf7-form-control-wrap textarea-377\"><textarea name=\"textarea-377\" cols=\"40\" rows=\"10\" class=\"wpcf7-form-control wpcf7-textarea wpcf7-validates-as-required\" aria-required=\"true\" aria-invalid=\"false\">Kerro miksi haluat hierojaksi<\/textarea><\/span><\/p>\n<p>Vahvuudet ja heikkoudet opiskelijana \/ ty\u00f6ntekij\u00e4n\u00e4<br \/>\n<span class=\"wpcf7-form-control-wrap textarea-378\"><textarea name=\"textarea-378\" cols=\"40\" rows=\"10\" class=\"wpcf7-form-control wpcf7-textarea wpcf7-validates-as-required\" aria-required=\"true\" aria-invalid=\"false\">Kerro vahvuuksistasi ja heikkouksistasi<\/textarea><\/span><\/p>\n<p>Opiskeluajat ovat pe klo 16-20, la-su klo 08-17. Pystytk\u00f6 tarvittaessa j\u00e4rjestelem\u00e4\u00e4n aikataulun siten, ettei tule poissaoloja?<br \/>\n<span class=\"wpcf7-form-control-wrap textarea-379\"><textarea name=\"textarea-379\" cols=\"40\" rows=\"10\" class=\"wpcf7-form-control wpcf7-textarea wpcf7-validates-as-required\" aria-required=\"true\" aria-invalid=\"false\"><\/textarea><\/span><\/p>\n<p>Mik\u00e4 on terveyden tilasi t\u00e4ll\u00e4 hetkell\u00e4?<br \/>\n<span class=\"wpcf7-form-control-wrap textarea-380\"><textarea name=\"textarea-380\" cols=\"40\" rows=\"10\" class=\"wpcf7-form-control wpcf7-textarea wpcf7-validates-as-required\" aria-required=\"true\" aria-invalid=\"false\">Kerro terveydentilastasi<\/textarea><\/span><\/p>\n<p>Onko sinulla maksuh\u00e4iri\u00f6merkint\u00f6j\u00e4?<br \/>\n<span class=\"wpcf7-form-control-wrap checkbox-267\"><span class=\"wpcf7-form-control wpcf7-checkbox wpcf7-validates-as-required\"><span class=\"wpcf7-list-item first\"><label><input type=\"checkbox\" name=\"checkbox-267[]\" value=\"Kyll\u00e4\" \/><span class=\"wpcf7-list-item-label\">Kyll\u00e4<\/span><\/label><\/span><span class=\"wpcf7-list-item last\"><label><input type=\"checkbox\" name=\"checkbox-267[]\" value=\"Ei\" \/><span class=\"wpcf7-list-item-label\">Ei<\/span><\/label><\/span><\/span><\/span><\/p>\n<p>SORA-lains\u00e4\u00e4d\u00e4nt\u00f6, Hieronnan ammatti- ja erikoisammattitutkinnon terveydentilaan liittyv\u00e4t vaatimukset.<\/p>\n<p>Opiskelijaksi hakeutuvan terveydentilaan tai toimintakykyyn liittyv\u00e4 seikka ei saa olla esteen\u00e4 opiskelijaksi ottamiselle.<\/p>\n<p>Opiskelijaksi ei kuitenkaan voida ottaa sit\u00e4, joka ei ole terveydentilaltaan tai toimintakyvylt\u00e4\u00e4n kykenev\u00e4 opintoihin liittyviin k\u00e4yt\u00e4nn\u00f6n teht\u00e4viin tai ty\u00f6ss\u00e4oppimiseen, jos valtioneuvoston asetuksissa (1032 ja 1033\/2011) m\u00e4\u00e4ritellyiss\u00e4 sosiaali-, terveys- ja liikunta-alan tutkinnoissa opintoihin liittyv\u00e4t turvallisuusvaatimukset sit\u00e4 edellytt\u00e4v\u00e4t ja jos estett\u00e4 ei voida kohtuullisin toimin poistaa.<\/p>\n<p>Henkil\u00f6n terveydentilan tai toimintakyvyn osalta tulee arvioida mahdollisten sairauksien aiheuttamat rajoitteet ja sairauksien yksil\u00f6llinen hoitotilanne.<\/p>\n<p>Opiskelijaksi ottamisen esteen\u00e4 voi olla<\/p>\n<p>\u2022 sellaiset psyykkiset sairaudet, jotka est\u00e4v\u00e4t k\u00e4yt\u00e4nn\u00f6n teht\u00e4viin tai ty\u00f6ss\u00e4oppimiseen osallistumisen, kuten ajankohtainen hoitamaton psykoosi tai vaikea toimintakyky\u00e4 laskeva masennus<\/p>\n<p>\u2022 sellaiset fyysiset sairaudet kuten tuki- ja liikuntaelimist\u00f6n sairaudet tai vammat sek\u00e4 krooniset ihottumat, jotka rajoittavat toimintakyky\u00e4 siin\u00e4 m\u00e4\u00e4rin, ett\u00e4 est\u00e4v\u00e4t k\u00e4yt\u00e4nn\u00f6n teht\u00e4viss\u00e4 tai ty\u00f6ss\u00e4oppimisessa toimimisen<\/p>\n<p>\u2022 veriteitse tarttuva sairaus saattaa rajoittaa k\u00e4yt\u00e4nn\u00f6n teht\u00e4viin tai ty\u00f6ss\u00e4oppimiseen sijoittumista<\/p>\n<p>\u2022 p\u00e4ihteiden ongelmak\u00e4ytt\u00f6 tai p\u00e4ihderiippuvuus<\/p>\n<p><span class=\"wpcf7-form-control-wrap acceptance-868\"><span class=\"wpcf7-form-control wpcf7-acceptance\"><span class=\"wpcf7-list-item\"><input type=\"checkbox\" name=\"acceptance-868\" value=\"1\" aria-invalid=\"false\" \/><\/span><\/span><\/span>Vakuutan, ett\u00e4 minulla ei ole esteit\u00e4 hakeutua Hieronnan ammattitutkintoon valmistavaan koulutukseen.<\/p>\n<p><span class=\"wpcf7-form-control-wrap acceptance-869\"><span class=\"wpcf7-form-control wpcf7-acceptance\"><span class=\"wpcf7-list-item\"><input type=\"checkbox\" name=\"acceptance-869\" value=\"1\" aria-invalid=\"false\" \/><\/span><\/span><\/span>Kyll\u00e4, olen tarkistanut tietoni ja haen koulutukseen.<\/p>\n<p><input type=\"submit\" value=\"L\u00e4het\u00e4\" class=\"wpcf7-form-control wpcf7-submit\" \/><\/p>\n<div class=\"wpcf7-response-output\" aria-hidden=\"true\"><\/div><\/form><\/div><\/div>\n","protected":false},"excerpt":{"rendered":"<p>Sinustako hieronnan ammattilainen? Physio Pro Team valmentaa opiskelijoitaan hieronnan ammattitutkinnon n\u00e4ytt\u00f6kokeiden suorittamiseen. Koulutus j\u00e4rjestet\u00e4\u00e4n monimuoto-opiskeluna p\u00e4\u00e4s\u00e4\u00e4nt\u00f6isesti viikonloppuisin perjantai-ilta-sunnuntai. Koulutus on kestoltaan n. vuoden. Mahdollisuus on siis suoriutua opinnoista ty\u00f6n ohessa. Mik\u00e4li olet rohkea, ulosp\u00e4insuuntautunut, ihmisen terveydest\u00e4 ja anatomiasta kiinnostunut, paikkasi voi hyvinkin olla meill\u00e4. Kenties harkitset uranvaihtoa tai toimia sivutoimisena hierojana. Physio Pro Team pyrkii [&hellip;]<\/p>\n","protected":false},"author":1,"featured_media":304,"parent":0,"menu_order":0,"comment_status":"closed","ping_status":"closed","template":"","meta":{"ngg_post_thumbnail":0},"_links":{"self":[{"href":"https:\/\/www.physioproteam.fi\/index.php?rest_route=\/wp\/v2\/pages\/234"}],"collection":[{"href":"https:\/\/www.physioproteam.fi\/index.php?rest_route=\/wp\/v2\/pages"}],"about":[{"href":"https:\/\/www.physioproteam.fi\/index.php?rest_route=\/wp\/v2\/types\/page"}],"author":[{"embeddable":true,"href":"https:\/\/www.physioproteam.fi\/index.php?rest_route=\/wp\/v2\/users\/1"}],"replies":[{"embeddable":true,"href":"https:\/\/www.physioproteam.fi\/index.php?rest_route=%2Fwp%2Fv2%2Fcomments&post=234"}],"version-history":[{"count":12,"href":"https:\/\/www.physioproteam.fi\/index.php?rest_route=\/wp\/v2\/pages\/234\/revisions"}],"predecessor-version":[{"id":753,"href":"https:\/\/www.physioproteam.fi\/index.php?rest_route=\/wp\/v2\/pages\/234\/revisions\/753"}],"wp:featuredmedia":[{"embeddable":true,"href":"https:\/\/www.physioproteam.fi\/index.php?rest_route=\/wp\/v2\/media\/304"}],"wp:attachment":[{"href":"https:\/\/www.physioproteam.fi\/index.php?rest_route=%2Fwp%2Fv2%2Fmedia&parent=234"}],"curies":[{"name":"wp","href":"https:\/\/api.w.org\/{rel}","templated":true}]}}